
{"id":295,"date":"2021-04-19T10:09:25","date_gmt":"2021-04-19T10:09:25","guid":{"rendered":"https:\/\/hornisucha.knihovna.info\/?page_id=295"},"modified":"2024-02-28T07:27:32","modified_gmt":"2024-02-28T07:27:32","slug":"knizka-pro-prvnacka","status":"publish","type":"page","link":"https:\/\/hornisucha.knihovna.info\/?page_id=295","title":{"rendered":"Kn\u00ed\u017eka pro prv\u0148\u00e1\u010dka"},"content":{"rendered":"<pre class=\"moz-quote-pre\">Na\u0161e knihovna se zapojuje do projektu na podporu \u010dten\u00e1\u0159sk\u00e9 gramotnosti \r\n<strong>U\u017e jsem \u010dten\u00e1\u0159 - Kn\u00ed\u017eka pro prv\u0148\u00e1\u010dka<\/strong>.\r\nC\u00edlem projektu je rozvoj \u010dten\u00e1\u0159sk\u00fdch n\u00e1vyk\u016f \u017e\u00e1k\u016f ji\u017e od prvn\u00edho ro\u010dn\u00edku \r\n\u0161koln\u00ed doch\u00e1zky.\r\n<\/pre>\n","protected":false},"excerpt":{"rendered":"<p>Na\u0161e knihovna se zapojuje do projektu na podporu \u010dten\u00e1\u0159sk\u00e9 gramotnosti U\u017e jsem \u010dten\u00e1\u0159 &#8211; Kn\u00ed\u017eka pro prv\u0148\u00e1\u010dka. C\u00edlem projektu je rozvoj \u010dten\u00e1\u0159sk\u00fdch n\u00e1vyk\u016f \u017e\u00e1k\u016f ji\u017e od prvn\u00edho ro\u010dn\u00edku \u0161koln\u00ed doch\u00e1zky.<\/p>\n","protected":false},"author":1,"featured_media":0,"parent":143,"menu_order":0,"comment_status":"closed","ping_status":"closed","template":"","meta":{"footnotes":""},"class_list":["post-295","page","type-page","status-publish","hentry"],"_links":{"self":[{"href":"https:\/\/hornisucha.knihovna.info\/index.php?rest_route=\/wp\/v2\/pages\/295","targetHints":{"allow":["GET"]}}],"collection":[{"href":"https:\/\/hornisucha.knihovna.info\/index.php?rest_route=\/wp\/v2\/pages"}],"about":[{"href":"https:\/\/hornisucha.knihovna.info\/index.php?rest_route=\/wp\/v2\/types\/page"}],"author":[{"embeddable":true,"href":"https:\/\/hornisucha.knihovna.info\/index.php?rest_route=\/wp\/v2\/users\/1"}],"replies":[{"embeddable":true,"href":"https:\/\/hornisucha.knihovna.info\/index.php?rest_route=%2Fwp%2Fv2%2Fcomments&post=295"}],"version-history":[{"count":5,"href":"https:\/\/hornisucha.knihovna.info\/index.php?rest_route=\/wp\/v2\/pages\/295\/revisions"}],"predecessor-version":[{"id":404,"href":"https:\/\/hornisucha.knihovna.info\/index.php?rest_route=\/wp\/v2\/pages\/295\/revisions\/404"}],"up":[{"embeddable":true,"href":"https:\/\/hornisucha.knihovna.info\/index.php?rest_route=\/wp\/v2\/pages\/143"}],"wp:attachment":[{"href":"https:\/\/hornisucha.knihovna.info\/index.php?rest_route=%2Fwp%2Fv2%2Fmedia&parent=295"}],"curies":[{"name":"wp","href":"https:\/\/api.w.org\/{rel}","templated":true}]}}