
{"id":238,"date":"2020-02-10T07:39:29","date_gmt":"2020-02-10T07:39:29","guid":{"rendered":"http:\/\/hornisucha2.knihovna.info\/?page_id=238"},"modified":"2025-01-09T09:02:58","modified_gmt":"2025-01-09T09:02:58","slug":"ctenarske-konto","status":"publish","type":"page","link":"https:\/\/hornisucha.knihovna.info\/?page_id=238","title":{"rendered":"Katalog a \u010dten\u00e1\u0159sk\u00e9 konto"},"content":{"rendered":"<h2 style=\"text-align: center;\"><a href=\"https:\/\/sucha.katalog.rkka.cz\">\u010cten\u00e1\u0159sk\u00e9 konto<\/a><\/h2>\n<hr \/>\n<h2 style=\"text-align: center;\"><a href=\"https:\/\/sucha.katalog.rkka.cz\">Online katalog<\/a><\/h2>\n<h2 style=\"text-align: center;\">Chcete si p\u016fj\u010dit knihu sv\u00e9ho obl\u00edben\u00e9ho spisovatele a jeho knihy jsou zrovna v\u0161echny p\u016fj\u010den\u00e9?<br \/>\nZkuste si p\u016fj\u010dit e-knihu.<br \/>\nSta\u010d\u00ed b\u00fdt registrovan\u00fdm \u010dten\u00e1\u0159em knihovny, st\u00e1hnout si e-knihu do tabletu, chytr\u00e9ho telefonu, nebo \u010dte\u010dky.<\/h2>\n<h2 style=\"text-align: center;\">Od 28.6.2022 funguje nov\u00e1 aplikace Palmknihy.<\/h2>\n<h2 style=\"text-align: center;\"><a href=\"https:\/\/hornisucha.knihovna.info\/wp-content\/uploads\/2021\/04\/Navod_palmknihy.pdf\">E-knihy<\/a><\/h2>\n<hr \/>\n<p><strong>E-knihy<\/strong><\/p>\n<p>p\u0159i v\u00fdb\u011bru \u010dte\u010dky se p\u0159ij\u010fte poradit do knihovny,<\/p>\n<p>je mo\u017en\u00e9, \u017ee s \u010dte\u010dkami Kindle a PocketBook m\u016f\u017ee b\u00fdt probl\u00e9m s p\u016fj\u010dov\u00e1n\u00edm e-knih<\/p>\n","protected":false},"excerpt":{"rendered":"<p>\u010cten\u00e1\u0159sk\u00e9 konto Online katalog Chcete si p\u016fj\u010dit knihu sv\u00e9ho obl\u00edben\u00e9ho spisovatele a jeho knihy jsou zrovna v\u0161echny p\u016fj\u010den\u00e9? Zkuste si p\u016fj\u010dit e-knihu. Sta\u010d\u00ed b\u00fdt registrovan\u00fdm \u010dten\u00e1\u0159em knihovny, st\u00e1hnout si e-knihu do tabletu, chytr\u00e9ho telefonu, nebo \u010dte\u010dky. Od 28.6.2022 funguje nov\u00e1 &hellip; <a href=\"https:\/\/hornisucha.knihovna.info\/?page_id=238\">Cel\u00fd p\u0159\u00edsp\u011bvek <span class=\"meta-nav\">&rarr;<\/span><\/a><\/p>\n","protected":false},"author":1,"featured_media":0,"parent":0,"menu_order":0,"comment_status":"closed","ping_status":"closed","template":"","meta":{"footnotes":""},"class_list":["post-238","page","type-page","status-publish","hentry"],"_links":{"self":[{"href":"https:\/\/hornisucha.knihovna.info\/index.php?rest_route=\/wp\/v2\/pages\/238","targetHints":{"allow":["GET"]}}],"collection":[{"href":"https:\/\/hornisucha.knihovna.info\/index.php?rest_route=\/wp\/v2\/pages"}],"about":[{"href":"https:\/\/hornisucha.knihovna.info\/index.php?rest_route=\/wp\/v2\/types\/page"}],"author":[{"embeddable":true,"href":"https:\/\/hornisucha.knihovna.info\/index.php?rest_route=\/wp\/v2\/users\/1"}],"replies":[{"embeddable":true,"href":"https:\/\/hornisucha.knihovna.info\/index.php?rest_route=%2Fwp%2Fv2%2Fcomments&post=238"}],"version-history":[{"count":22,"href":"https:\/\/hornisucha.knihovna.info\/index.php?rest_route=\/wp\/v2\/pages\/238\/revisions"}],"predecessor-version":[{"id":433,"href":"https:\/\/hornisucha.knihovna.info\/index.php?rest_route=\/wp\/v2\/pages\/238\/revisions\/433"}],"wp:attachment":[{"href":"https:\/\/hornisucha.knihovna.info\/index.php?rest_route=%2Fwp%2Fv2%2Fmedia&parent=238"}],"curies":[{"name":"wp","href":"https:\/\/api.w.org\/{rel}","templated":true}]}}