
{"id":148,"date":"2019-09-20T05:46:15","date_gmt":"2019-09-20T05:46:15","guid":{"rendered":"http:\/\/hornisucha2.knihovna.info\/?page_id=148"},"modified":"2026-02-09T07:31:58","modified_gmt":"2026-02-09T07:31:58","slug":"pasovani-na-ctenare","status":"publish","type":"page","link":"https:\/\/hornisucha.knihovna.info\/?page_id=148","title":{"rendered":"Akce pro d\u011bti"},"content":{"rendered":"<p style=\"text-align: center;\">\u00a0<\/p>\r\n<p>Pro \u010desk\u00e9 \u0161koln\u00ed d\u011bti po\u0159\u00e1d\u00e1me besedy, knihovnick\u00e9 lekce,<\/p>\r\n<p>\u00fa\u010dastn\u00edme se projektu Kn\u00ed\u017eka pro prv\u0148\u00e1\u010dka<\/p>\r\n<p>Pasov\u00e1n\u00ed na \u010dten\u00e1\u0159e, letos 26.3.2026 se spisovatelkou Zuzanou Posp\u00ed\u0161ilovou.<\/p>\r\n<p>Listov\u00e1n\u00ed &#8211; zat\u00edm nem\u00e1me zaji\u0161t\u011bno.<\/p>\r\n<p>Pro polsk\u00e9 d\u011bti tak\u00e9 besedy, knihovnick\u00e9 lekce,<\/p>\r\n<p>Pasov\u00e1n\u00ed na \u010dten\u00e1\u0159e dne 1.6.2026 v T\u011b\u0161\u00ednsk\u00e9m divadle.<\/p>\r\n<p>besedy pro d\u011bti ve spolupr\u00e1ci s polsk\u00fdm odd\u011blen\u00edm Region\u00e1ln\u00ed knihovny Karvin\u00e1.<\/p>\r\n\r\n<p>&nbsp;<\/p>\r\n\r\n\r\n\r\n<p>&nbsp;<\/p>\r\n","protected":false},"excerpt":{"rendered":"<p>\u00a0 Pro \u010desk\u00e9 \u0161koln\u00ed d\u011bti po\u0159\u00e1d\u00e1me besedy, knihovnick\u00e9 lekce, \u00fa\u010dastn\u00edme se projektu Kn\u00ed\u017eka pro prv\u0148\u00e1\u010dka Pasov\u00e1n\u00ed na \u010dten\u00e1\u0159e, letos 26.3.2026 se spisovatelkou Zuzanou Posp\u00ed\u0161ilovou. Listov\u00e1n\u00ed &#8211; zat\u00edm nem\u00e1me zaji\u0161t\u011bno. Pro polsk\u00e9 d\u011bti tak\u00e9 besedy, knihovnick\u00e9 lekce, Pasov\u00e1n\u00ed na \u010dten\u00e1\u0159e dne &hellip; <a href=\"https:\/\/hornisucha.knihovna.info\/?page_id=148\">Cel\u00fd p\u0159\u00edsp\u011bvek <span class=\"meta-nav\">&rarr;<\/span><\/a><\/p>\n","protected":false},"author":1,"featured_media":0,"parent":143,"menu_order":0,"comment_status":"closed","ping_status":"closed","template":"","meta":{"footnotes":""},"class_list":["post-148","page","type-page","status-publish","hentry"],"_links":{"self":[{"href":"https:\/\/hornisucha.knihovna.info\/index.php?rest_route=\/wp\/v2\/pages\/148","targetHints":{"allow":["GET"]}}],"collection":[{"href":"https:\/\/hornisucha.knihovna.info\/index.php?rest_route=\/wp\/v2\/pages"}],"about":[{"href":"https:\/\/hornisucha.knihovna.info\/index.php?rest_route=\/wp\/v2\/types\/page"}],"author":[{"embeddable":true,"href":"https:\/\/hornisucha.knihovna.info\/index.php?rest_route=\/wp\/v2\/users\/1"}],"replies":[{"embeddable":true,"href":"https:\/\/hornisucha.knihovna.info\/index.php?rest_route=%2Fwp%2Fv2%2Fcomments&post=148"}],"version-history":[{"count":11,"href":"https:\/\/hornisucha.knihovna.info\/index.php?rest_route=\/wp\/v2\/pages\/148\/revisions"}],"predecessor-version":[{"id":479,"href":"https:\/\/hornisucha.knihovna.info\/index.php?rest_route=\/wp\/v2\/pages\/148\/revisions\/479"}],"up":[{"embeddable":true,"href":"https:\/\/hornisucha.knihovna.info\/index.php?rest_route=\/wp\/v2\/pages\/143"}],"wp:attachment":[{"href":"https:\/\/hornisucha.knihovna.info\/index.php?rest_route=%2Fwp%2Fv2%2Fmedia&parent=148"}],"curies":[{"name":"wp","href":"https:\/\/api.w.org\/{rel}","templated":true}]}}